{"id":10,"date":"2020-04-10T04:11:02","date_gmt":"2020-04-10T04:11:02","guid":{"rendered":"http:\/\/www.consejerosprofesionalespr.com\/portal\/inicio\/"},"modified":"2021-03-26T00:25:41","modified_gmt":"2021-03-26T00:25:41","slug":"inicio","status":"publish","type":"page","link":"http:\/\/www.consejerosprofesionalespr.com\/portal\/","title":{"rendered":"Inicio"},"content":{"rendered":"\n\t<blockquote>\n<h2><strong>ALIANZA DE CONSEJEROS PROFESIONALES DE PUERTO RICO<\/strong><\/h2>\n<h4>La Alianza de Consejeros Profesionales de Puerto Rico, Inc. (ACPPR por sus siglas en espa\u00f1ol) surge de la preocupaci\u00f3n ante el silencio de nuestra representaci\u00f3n en tiempos de crisis y en momentos meritorios. Por esto, la ACPPR se registr\u00f3 en el Departamento de Estado de Puerto Rico el 15 de marzo de 2020, como una organizaci\u00f3n sin fines de lucro.<\/h4>\n<\/blockquote>\n\t<p><img loading=\"lazy\" src=\"https:\/\/i0.wp.com\/www.consejerosprofesionalespr.com\/portal\/wp-content\/uploads\/2020\/07\/Logo-ACPPR.jpg?resize=300%2C242\" alt=\"Logo ACPPR\" width=\"300\" height=\"242\" data-recalc-dims=\"1\" \/><\/p>\n\t\t\t\t<a href=\"https:\/\/www.facebook.com\/alianzaconsejerosprofesionalespr\" target=\"_blank\" rel=\"noopener noreferrer\" itemprop=\"url\">\n\t\t\t\t<img loading=\"lazy\" src=\"https:\/\/i1.wp.com\/www.consejerosprofesionalespr.com\/portal\/wp-content\/uploads\/2021\/03\/Facebook-logo.png?resize=625%2C235\" alt=\"Facebook logo\" itemprop=\"image\" height=\"235\" width=\"625\" title=\"Facebook logo\" onerror=\"this.style.display='none'\"  data-recalc-dims=\"1\" \/>\n\t\t\t\t<\/a>\n\t\t\t\t<a href=\"https:\/\/twitter.com\/acppr\" target=\"_blank\" rel=\"noopener noreferrer\" itemprop=\"url\">\n\t\t\t\t<img loading=\"lazy\" src=\"https:\/\/i1.wp.com\/www.consejerosprofesionalespr.com\/portal\/wp-content\/uploads\/2021\/03\/twitter-logo.png?resize=625%2C235\" alt=\"twitter-logo\" itemprop=\"image\" height=\"235\" width=\"625\" title=\"twitter-logo\" onerror=\"this.style.display='none'\"  data-recalc-dims=\"1\" \/>\n\t\t\t\t<\/a>\n\t\t\t\t<a href=\"https:\/\/www.facebook.com\/JECPPR\/\" target=\"_blank\" rel=\"noopener noreferrer\" itemprop=\"url\">\n\t\t\t\t<img src=\"https:\/\/i0.wp.com\/www.consejerosprofesionalespr.com\/portal\/wp-content\/uploads\/2021\/03\/Comun\u00edcate-con-la-Junta-Examinadora-de-Consejeros-Profesionales-2-e1616536744878.jpg?w=625\" alt=\"Comun\u00edcate con la Junta Examinadora de Consejeros Profesionales\" itemprop=\"image\" title=\"Comun\u00edcate con la Junta Examinadora de Consejeros Profesionales\" onerror=\"this.style.display='none'\"  data-recalc-dims=\"1\" \/>\n\t\t\t\t<\/a>\n\t\t\t\t<a href=\"http:\/\/www.consejerosprofesionalespr.com\/portal\/programa-virtual-el-consejero-profesional-del-siglo-xxi-2\/\" target=\"_blank\" rel=\"noopener noreferrer\" itemprop=\"url\">\n\t\t\t\t<img loading=\"lazy\" src=\"https:\/\/i1.wp.com\/www.consejerosprofesionalespr.com\/portal\/wp-content\/uploads\/2021\/03\/Comun\u00edcate-con-la-Junta-Examinadora-de-Consejeros-Profesionales-1-e1616691874872.png?resize=625%2C247\" alt=\"Comun\u00edcate con la Junta Examinadora de Consejeros Profesionales (1)\" itemprop=\"image\" height=\"247\" width=\"625\" title=\"Comun\u00edcate con la Junta Examinadora de Consejeros Profesionales (1)\" onerror=\"this.style.display='none'\"  data-recalc-dims=\"1\" \/>\n\t\t\t\t<\/a>\n","protected":false},"excerpt":{"rendered":"<p>ALIANZA DE CONSEJEROS PROFESIONALES DE PUERTO RICO La Alianza de Consejeros Profesionales de Puerto Rico, Inc. (ACPPR por sus siglas en espa\u00f1ol) surge de la preocupaci\u00f3n ante el silencio de nuestra representaci\u00f3n en tiempos de crisis y en momentos meritorios. Por esto, la ACPPR se registr\u00f3 en el Departamento de Estado de Puerto Rico el [&hellip;]<\/p>\n","protected":false},"author":1,"featured_media":0,"parent":0,"menu_order":0,"comment_status":"closed","ping_status":"closed","template":"page-templates\/front-page.php","meta":{"_coblocks_attr":"","_coblocks_dimensions":"{\"coblocks-hero-72610820715\":{\"padding\":{}}}","_coblocks_responsive_height":"","_coblocks_accordion_ie_support":"","spay_email":""},"_links":{"self":[{"href":"http:\/\/www.consejerosprofesionalespr.com\/portal\/wp-json\/wp\/v2\/pages\/10"}],"collection":[{"href":"http:\/\/www.consejerosprofesionalespr.com\/portal\/wp-json\/wp\/v2\/pages"}],"about":[{"href":"http:\/\/www.consejerosprofesionalespr.com\/portal\/wp-json\/wp\/v2\/types\/page"}],"author":[{"embeddable":true,"href":"http:\/\/www.consejerosprofesionalespr.com\/portal\/wp-json\/wp\/v2\/users\/1"}],"replies":[{"embeddable":true,"href":"http:\/\/www.consejerosprofesionalespr.com\/portal\/wp-json\/wp\/v2\/comments?post=10"}],"version-history":[{"count":40,"href":"http:\/\/www.consejerosprofesionalespr.com\/portal\/wp-json\/wp\/v2\/pages\/10\/revisions"}],"predecessor-version":[{"id":331,"href":"http:\/\/www.consejerosprofesionalespr.com\/portal\/wp-json\/wp\/v2\/pages\/10\/revisions\/331"}],"wp:attachment":[{"href":"http:\/\/www.consejerosprofesionalespr.com\/portal\/wp-json\/wp\/v2\/media?parent=10"}],"curies":[{"name":"wp","href":"https:\/\/api.w.org\/{rel}","templated":true}]}}