{"id":32,"date":"2020-04-10T04:30:39","date_gmt":"2020-04-10T04:30:39","guid":{"rendered":"http:\/\/www.consejerosprofesionalespr.com\/portal\/?page_id=32"},"modified":"2021-03-25T15:51:02","modified_gmt":"2021-03-25T15:51:02","slug":"quienes-somos","status":"publish","type":"page","link":"http:\/\/www.consejerosprofesionalespr.com\/portal\/quienes-somos\/","title":{"rendered":"\u00bfQui\u00e9nes somos?"},"content":{"rendered":"\r\n\t<p><strong>\u00bfQu\u00e9 es la ACPPR?<\/strong><\/p>\r\n<p>Organizaci\u00f3n profesional registrada en el Departamento de Estado bajo la clasificaci\u00f3n sin fines de lucro, cuyo prop\u00f3sito va dirigido a promover el rol de los Consejeros Profesionales y brindar nuevas oportunidades de desarrollo profesional.<\/p>\r\n<p>Nuestro inter\u00e9s es unir al gremio de Consejeros Profesionales para dirigirnos hacia el desarrollo y enaltecimiento de la profesi\u00f3n.<\/p>\r\n\t<p><strong>Metas de la ACPPR<\/strong><\/p>\r\n<ul>\r\n<li>Desarrollar oportunidades para la interacci\u00f3n de los Consejeros Profesionales y futuras generaciones.<\/li>\r\n<li>Promover el desarrollo profesionales de los Consejeros Profesionales.<\/li>\r\n<li>Representar al gremio de los Consejeros Profesionales en situaciones que ameriten ser escuchados.<\/li>\r\n<li>Integrar a los Consejeros Profesionales y futura generaci\u00f3n para promover iniciativas de avance.<\/li>\r\n<li>Fomentar el desarrollo de investigaciones que generen literatura sobre la profesi\u00f3n en Puerto Rico.<\/li>\r\n<\/ul>\r\n\t<h1><em><strong>Grupo Asesor de la ACPPR<\/strong><\/em><\/h1>\r\n\t<p><img loading=\"lazy\" src=\"https:\/\/i2.wp.com\/www.consejerosprofesionalespr.com\/portal\/wp-content\/uploads\/2020\/07\/Julio.jpg?resize=243%2C300\" alt=\"JCR\" width=\"243\" height=\"300\" data-recalc-dims=\"1\" \/><\/p>\r\n<p>Asesor Ejecutivo \/ Presidente<\/p>\r\n<p>Julio A. Cruz Rodr\u00edguez, Ed.D., CPL, MC<\/p>\r\n\t<p><img loading=\"lazy\" src=\"https:\/\/i1.wp.com\/www.consejerosprofesionalespr.com\/portal\/wp-content\/uploads\/2020\/07\/Coralis.jpg?resize=216%2C300\" alt=\"CCT\" width=\"216\" height=\"300\" data-recalc-dims=\"1\" \/><\/p>\r\n<p>Asesora Ejecutiva Alterno<\/p>\r\n<p>Coralis D. Cruz Toro, M.A., CPL, MC<\/p>\r\n\t<p><img loading=\"lazy\" src=\"https:\/\/i0.wp.com\/www.consejerosprofesionalespr.com\/portal\/wp-content\/uploads\/2020\/07\/Angel.jpg?resize=220%2C300\" alt=\"AGH\" width=\"220\" height=\"300\" data-recalc-dims=\"1\" \/><\/p>\r\n<p>Asesor de Comunicaciones y Actas<\/p>\r\n<p>\u00c1ngel X. Galarza Hern\u00e1ndez, M.A., CPL<\/p>\r\n\t<p><img loading=\"lazy\" src=\"https:\/\/i0.wp.com\/www.consejerosprofesionalespr.com\/portal\/wp-content\/uploads\/2020\/07\/Rocelly.jpg?resize=222%2C300\" alt=\"RBO\" width=\"222\" height=\"300\" data-recalc-dims=\"1\" \/><\/p>\r\n<p>Miembro Asesora \/ Asesora de Finanzas<\/p>\r\n<p>Rocelly Blanco Ortiz, M.A., CPL, MC<\/p>\r\n\t<p><img loading=\"lazy\" src=\"https:\/\/i0.wp.com\/www.consejerosprofesionalespr.com\/portal\/wp-content\/uploads\/2020\/07\/Miguel.jpg?resize=214%2C300\" alt=\"MA\" width=\"214\" height=\"300\" data-recalc-dims=\"1\" \/><\/p>\r\n<p>Miembro Asesor Alterno<\/p>\r\n<p>Miguel A. Arvelo Kuilan, M.A., CPL, MC<\/p>\r\n\t<p><img loading=\"lazy\" src=\"https:\/\/i1.wp.com\/www.consejerosprofesionalespr.com\/portal\/wp-content\/uploads\/2020\/07\/Jorge-e1616684967379-212x300.jpg?resize=212%2C300\" alt=\"JDG\" width=\"212\" height=\"300\" data-recalc-dims=\"1\" \/><\/p>\r\n<p>Asesor Estudiantil<\/p>\r\n<p>Jorge D\u00edaz Gonz\u00e1lez, B.A.<\/p>\r\n\t<p><img loading=\"lazy\" src=\"https:\/\/i1.wp.com\/www.consejerosprofesionalespr.com\/portal\/wp-content\/uploads\/2020\/07\/Jovaniel.jpg?resize=217%2C300\" alt=\"JNP\" width=\"217\" height=\"300\" data-recalc-dims=\"1\" \/><\/p>\r\n<p>Asesor Estudiantil Alterno<\/p>\r\n<p>Jovaniel Navarro P\u00e9rez, M.A.<\/p>\r\n","protected":false},"excerpt":{"rendered":"<p>\u00bfQu\u00e9 es la ACPPR? Organizaci\u00f3n profesional registrada en el Departamento de Estado bajo la clasificaci\u00f3n sin fines de lucro, cuyo prop\u00f3sito va dirigido a promover el rol de los Consejeros Profesionales y brindar nuevas oportunidades de desarrollo profesional. Nuestro inter\u00e9s es unir al gremio de Consejeros Profesionales para dirigirnos hacia el desarrollo y enaltecimiento de [&hellip;]<\/p>\n","protected":false},"author":1,"featured_media":0,"parent":0,"menu_order":0,"comment_status":"closed","ping_status":"closed","template":"","meta":{"_coblocks_attr":"","_coblocks_dimensions":"","_coblocks_responsive_height":"","_coblocks_accordion_ie_support":"","spay_email":""},"_links":{"self":[{"href":"http:\/\/www.consejerosprofesionalespr.com\/portal\/wp-json\/wp\/v2\/pages\/32"}],"collection":[{"href":"http:\/\/www.consejerosprofesionalespr.com\/portal\/wp-json\/wp\/v2\/pages"}],"about":[{"href":"http:\/\/www.consejerosprofesionalespr.com\/portal\/wp-json\/wp\/v2\/types\/page"}],"author":[{"embeddable":true,"href":"http:\/\/www.consejerosprofesionalespr.com\/portal\/wp-json\/wp\/v2\/users\/1"}],"replies":[{"embeddable":true,"href":"http:\/\/www.consejerosprofesionalespr.com\/portal\/wp-json\/wp\/v2\/comments?post=32"}],"version-history":[{"count":12,"href":"http:\/\/www.consejerosprofesionalespr.com\/portal\/wp-json\/wp\/v2\/pages\/32\/revisions"}],"predecessor-version":[{"id":215,"href":"http:\/\/www.consejerosprofesionalespr.com\/portal\/wp-json\/wp\/v2\/pages\/32\/revisions\/215"}],"wp:attachment":[{"href":"http:\/\/www.consejerosprofesionalespr.com\/portal\/wp-json\/wp\/v2\/media?parent=32"}],"curies":[{"name":"wp","href":"https:\/\/api.w.org\/{rel}","templated":true}]}}